{"id":347,"date":"2024-06-05T11:42:06","date_gmt":"2024-06-05T09:42:06","guid":{"rendered":"https:\/\/www.juliedeschoenmaekers.be\/ExamCMS\/?page_id=347"},"modified":"2024-06-11T15:20:49","modified_gmt":"2024-06-11T13:20:49","slug":"mentions-legales","status":"publish","type":"page","link":"https:\/\/www.juliedeschoenmaekers.be\/ExamCMS\/mentions-legales\/","title":{"rendered":"Mentions l\u00e9gales"},"content":{"rendered":"\t\t<div data-elementor-type=\"wp-page\" data-elementor-id=\"347\" class=\"elementor elementor-347\">\n\t\t\t\t<div class=\"elementor-element elementor-element-651667d e-flex e-con-boxed e-con e-parent\" data-id=\"651667d\" data-element_type=\"container\">\n\t\t\t\t\t<div class=\"e-con-inner\">\n\t\t\t\t<div class=\"elementor-element elementor-element-a258207 elementor-widget elementor-widget-text-editor\" data-id=\"a258207\" data-element_type=\"widget\" data-widget_type=\"text-editor.default\">\n\t\t\t\t<div class=\"elementor-widget-container\">\n\t\t\t<style>\/*! elementor - v3.21.0 - 26-05-2024 *\/\n.elementor-widget-text-editor.elementor-drop-cap-view-stacked .elementor-drop-cap{background-color:#69727d;color:#fff}.elementor-widget-text-editor.elementor-drop-cap-view-framed .elementor-drop-cap{color:#69727d;border:3px solid;background-color:transparent}.elementor-widget-text-editor:not(.elementor-drop-cap-view-default) .elementor-drop-cap{margin-top:8px}.elementor-widget-text-editor:not(.elementor-drop-cap-view-default) .elementor-drop-cap-letter{width:1em;height:1em}.elementor-widget-text-editor .elementor-drop-cap{float:left;text-align:center;line-height:1;font-size:50px}.elementor-widget-text-editor .elementor-drop-cap-letter{display:inline-block}<\/style>\t\t\t\t<h3>Mentions L\u00e9gales<\/h3><h4>\u00c9diteur du site<\/h4><p>Le site <strong><a href=\"http:\/\/www.inductance.be\" target=\"_new\" rel=\"noreferrer\">www.inductance.be<\/a><\/strong> est \u00e9dit\u00e9 par la soci\u00e9t\u00e9 Inductance, sp\u00e9cialis\u00e9e dans les services \u00e9nerg\u00e9tiques.<\/p><p><strong>Inductance S.A.<\/strong><\/p><ul><li>Num\u00e9ro de t\u00e9l\u00e9phone : 0474 196555<br \/><div class=\"item--inner builder-item--button_base\" style=\"justify-content: var(--justify,flex-start); text-align: var(--textalign,left); --primarybtnbg: var(--nv-primary-accent); --primarybtncolor: #fff; --primarybtnhoverbg: #0d1d6b; --primarybtnhovercolor: #fff; --primarybtnborderradius: 20px; --primarybtnshadow: none; --primarybtnhovershadow: none; --padding: 8px 12px; --margin: 0; color: #272626; font-family: var(--fontfamily,var(--bodyfontfamily)); line-height: var(--lineheight,var(--bodylineheight)); margin: var(--margin,0); position: relative; padding: 0px !important;\" data-section=\"header_button\" data-item-id=\"button_base\"><div class=\"component-wrap\" style=\"justify-content: var(--justify,flex-start); text-align: var(--textalign,left);\">\u00a0<\/div><\/div><\/li><li>Adresse e-mail :\u00a0<a style=\"font-family: var( --e-global-typography-text-font-family ), Sans-serif; font-weight: var( --e-global-typography-text-font-weight ); text-align: var(--text-align); background-color: var(--nv-site-bg); font-size: var(--bodyfontsize); letter-spacing: var(--bodyletterspacing); text-transform: var(--bodytexttransform);\" href=\"mailto:info@inductance.be\">info@inductance.be<\/a><br \/><p class=\"MsoNormal\">\u00a0<\/p><\/li><\/ul><h4>Directeur de la publication<\/h4><p>Le directeur de la publication est [Nom du directeur de publication], agissant en qualit\u00e9 de [Poste ou fonction au sein de l&rsquo;entreprise].<\/p><h4>H\u00e9bergement<\/h4><p>Le site <a href=\"http:\/\/www.inductance.be\" target=\"_new\" rel=\"noreferrer\">www.inductance.be<\/a> est h\u00e9berg\u00e9 par :<\/p><p><strong>[Nom de l&rsquo;h\u00e9bergeur]<\/strong><\/p><ul><li>Adresse de l&rsquo;h\u00e9bergeur : [Adresse compl\u00e8te de l&rsquo;h\u00e9bergeur]<\/li><li>Num\u00e9ro de t\u00e9l\u00e9phone : [Num\u00e9ro de t\u00e9l\u00e9phone de l&rsquo;h\u00e9bergeur]<\/li><li>Adresse e-mail : [Adresse e-mail de contact de l&rsquo;h\u00e9bergeur]<\/li><\/ul><h4>Propri\u00e9t\u00e9 intellectuelle<\/h4><p>L\u2019ensemble du contenu pr\u00e9sent sur le site <a href=\"http:\/\/www.inductance.be\" target=\"_new\" rel=\"noreferrer\">www.inductance.be<\/a>, incluant, de mani\u00e8re non limitative, les graphismes, images, textes, vid\u00e9os, animations, sons, logos, gifs et ic\u00f4nes ainsi que leur mise en forme sont la propri\u00e9t\u00e9 exclusive de la soci\u00e9t\u00e9 Inductance, \u00e0 l&rsquo;exception des marques, logos ou contenus appartenant \u00e0 d&rsquo;autres soci\u00e9t\u00e9s partenaires ou auteurs.<\/p><p>Toute reproduction, distribution, modification, adaptation, retransmission ou publication, m\u00eame partielle, de ces diff\u00e9rents \u00e9l\u00e9ments est strictement interdite sans l&rsquo;accord expr\u00e8s par \u00e9crit de Inductance. Cette repr\u00e9sentation ou reproduction, par quelque proc\u00e9d\u00e9 que ce soit, constitue une contrefa\u00e7on sanctionn\u00e9e par les articles L.335-2 et suivants du Code de la propri\u00e9t\u00e9 intellectuelle. Le non-respect de cette interdiction constitue une contrefa\u00e7on pouvant engager la responsabilit\u00e9 civile et p\u00e9nale du contrefacteur.<\/p><h4>Donn\u00e9es personnelles<\/h4><p>Conform\u00e9ment \u00e0 la r\u00e9glementation europ\u00e9enne en vigueur (RGPD), vous disposez des droits suivants concernant vos informations personnelles :<\/p><ul><li>Droit d&rsquo;acc\u00e8s et de rectification<\/li><li>Droit de suppression des donn\u00e9es (\u00ab droit \u00e0 l&rsquo;oubli \u00bb)<\/li><li>Droit de limitation du traitement des donn\u00e9es<\/li><li>Droit d&rsquo;opposition au traitement des donn\u00e9es<\/li><li>Droit \u00e0 la portabilit\u00e9 des donn\u00e9es<\/li><\/ul><p>Pour exercer ces droits, vous pouvez nous contacter \u00e0 l\u2019adresse suivante :<\/p><p><a href=\"mailto:info@inductance.be\">info@inductance.be<\/a><\/p><p>.<\/p><h4>Cookies<\/h4><p>Le site <a href=\"http:\/\/www.inductance.be\" target=\"_new\" rel=\"noreferrer\">www.inductance.be<\/a> utilise des cookies pour am\u00e9liorer votre exp\u00e9rience de navigation et vous offrir des services personnalis\u00e9s. En naviguant sur ce site, vous acceptez l&rsquo;utilisation des cookies. Vous pouvez \u00e0 tout moment d\u00e9sactiver les cookies en configurant les param\u00e8tres de votre navigateur internet.<\/p><h4>Liens hypertextes<\/h4><p>Le site <a href=\"http:\/\/www.inductance.be\" target=\"_new\" rel=\"noreferrer\">www.inductance.be<\/a> peut contenir des liens hypertextes vers d&rsquo;autres sites pr\u00e9sents sur le r\u00e9seau Internet. Les liens vers ces autres ressources vous font quitter le site <a href=\"http:\/\/www.inductance.be\" target=\"_new\" rel=\"noreferrer\">www.inductance.be<\/a>. Inductance ne peut \u00eatre tenue responsable du contenu de ces sites tiers.<\/p><h4>Limitation de responsabilit\u00e9<\/h4><p>Les informations contenues sur ce site sont aussi pr\u00e9cises que possible et le site est p\u00e9riodiquement mis \u00e0 jour, mais peut n\u00e9anmoins contenir des inexactitudes, des omissions ou des lacunes. Si vous constatez une lacune, erreur ou ce qui semble \u00eatre un dysfonctionnement, merci de bien vouloir le signaler par email \u00e0 [Adresse e-mail de contact], en d\u00e9crivant le probl\u00e8me de la mani\u00e8re la plus pr\u00e9cise possible (page posant probl\u00e8me, action d\u00e9clenchante, type d\u2019ordinateur et de navigateur utilis\u00e9, etc.).<\/p><p>Tout contenu t\u00e9l\u00e9charg\u00e9 se fait aux risques et p\u00e9rils de l&rsquo;utilisateur et sous sa seule responsabilit\u00e9. En cons\u00e9quence, Inductance ne saurait \u00eatre tenu responsable d&rsquo;un quelconque dommage subi par l&rsquo;ordinateur de l&rsquo;utilisateur ou d&rsquo;une quelconque perte de donn\u00e9es cons\u00e9cutive au t\u00e9l\u00e9chargement. De plus, l&rsquo;utilisateur du site s&rsquo;engage \u00e0 acc\u00e9der au site en utilisant un mat\u00e9riel r\u00e9cent, ne contenant pas de virus et avec un navigateur de derni\u00e8re g\u00e9n\u00e9ration mis-\u00e0-jour.<\/p><h4>Droit applicable et attribution de juridiction<\/h4><p>Tout litige en relation avec l\u2019utilisation du site <a href=\"http:\/\/www.inductance.be\" target=\"_new\" rel=\"noreferrer\">www.inductance.be<\/a> est soumis au droit belge. Il est fait attribution exclusive de juridiction aux tribunaux comp\u00e9tents de [Ville du si\u00e8ge social de l&rsquo;entreprise].<\/p>\t\t\t\t\t\t<\/div>\n\t\t\t\t<\/div>\n\t\t\t\t\t<\/div>\n\t\t\t\t<\/div>\n\t\t\t\t<\/div>\n\t\t","protected":false},"excerpt":{"rendered":"<p>Mentions L\u00e9gales \u00c9diteur du site Le site www.inductance.be est \u00e9dit\u00e9 par la soci\u00e9t\u00e9 Inductance, sp\u00e9cialis\u00e9e dans les services \u00e9nerg\u00e9tiques. Inductance S.A. Num\u00e9ro de t\u00e9l\u00e9phone : 0474 196555\u00a0 Adresse e-mail :\u00a0info@inductance.be \u00a0 Directeur de la publication Le directeur de la publication est [Nom du directeur de publication], agissant en qualit\u00e9 de [Poste ou fonction au sein&hellip;&nbsp;<a href=\"https:\/\/www.juliedeschoenmaekers.be\/ExamCMS\/mentions-legales\/\" class=\"\" rel=\"bookmark\">Lire la suite &raquo;<span class=\"screen-reader-text\">Mentions l\u00e9gales<\/span><\/a><\/p>\n","protected":false},"author":1,"featured_media":0,"parent":0,"menu_order":0,"comment_status":"closed","ping_status":"closed","template":"page-templates\/template-pagebuilder-full-width.php","meta":{"neve_meta_sidebar":"","neve_meta_container":"","neve_meta_enable_content_width":"","neve_meta_content_width":0,"neve_meta_title_alignment":"","neve_meta_author_avatar":"","neve_post_elements_order":"","neve_meta_disable_header":"","neve_meta_disable_footer":"","neve_meta_disable_title":"","footnotes":""},"class_list":["post-347","page","type-page","status-publish","hentry"],"yoast_head":"<!-- This site is optimized with the Yoast SEO plugin v22.8 - https:\/\/yoast.com\/wordpress\/plugins\/seo\/ -->\n<title>Mentions l\u00e9gales - Inductance<\/title>\n<meta name=\"description\" content=\"Les mentions l\u00e9gales du site Inductance pour tout savoir sur l&#039;\u00e9diteur, l&#039;h\u00e9bergement, la propri\u00e9t\u00e9 intellectuelle et plus encore.\" \/>\n<meta name=\"robots\" content=\"index, follow, max-snippet:-1, max-image-preview:large, max-video-preview:-1\" \/>\n<link rel=\"canonical\" href=\"https:\/\/www.juliedeschoenmaekers.be\/ExamCMS\/mentions-legales\/\" \/>\n<meta property=\"og:locale\" content=\"fr_FR\" \/>\n<meta property=\"og:type\" content=\"article\" \/>\n<meta property=\"og:title\" content=\"Mentions l\u00e9gales - Inductance\" \/>\n<meta property=\"og:description\" content=\"Les mentions l\u00e9gales du site Inductance pour tout savoir sur l&#039;\u00e9diteur, l&#039;h\u00e9bergement, la propri\u00e9t\u00e9 intellectuelle et plus encore.\" \/>\n<meta property=\"og:url\" content=\"https:\/\/www.juliedeschoenmaekers.be\/ExamCMS\/mentions-legales\/\" \/>\n<meta property=\"og:site_name\" content=\"Inductance\" \/>\n<meta property=\"article:modified_time\" content=\"2024-06-11T13:20:49+00:00\" \/>\n<meta name=\"twitter:card\" content=\"summary_large_image\" \/>\n<meta name=\"twitter:label1\" content=\"Dur\u00e9e de lecture estim\u00e9e\" \/>\n\t<meta name=\"twitter:data1\" content=\"3 minutes\" \/>\n<script type=\"application\/ld+json\" class=\"yoast-schema-graph\">{\"@context\":\"https:\/\/schema.org\",\"@graph\":[{\"@type\":\"WebPage\",\"@id\":\"https:\/\/www.juliedeschoenmaekers.be\/ExamCMS\/mentions-legales\/\",\"url\":\"https:\/\/www.juliedeschoenmaekers.be\/ExamCMS\/mentions-legales\/\",\"name\":\"Mentions l\u00e9gales - Inductance\",\"isPartOf\":{\"@id\":\"https:\/\/www.juliedeschoenmaekers.be\/ExamCMS\/#website\"},\"datePublished\":\"2024-06-05T09:42:06+00:00\",\"dateModified\":\"2024-06-11T13:20:49+00:00\",\"description\":\"Les mentions l\u00e9gales du site Inductance pour tout savoir sur l'\u00e9diteur, l'h\u00e9bergement, la propri\u00e9t\u00e9 intellectuelle et plus encore.\",\"breadcrumb\":{\"@id\":\"https:\/\/www.juliedeschoenmaekers.be\/ExamCMS\/mentions-legales\/#breadcrumb\"},\"inLanguage\":\"fr-FR\",\"potentialAction\":[{\"@type\":\"ReadAction\",\"target\":[\"https:\/\/www.juliedeschoenmaekers.be\/ExamCMS\/mentions-legales\/\"]}]},{\"@type\":\"BreadcrumbList\",\"@id\":\"https:\/\/www.juliedeschoenmaekers.be\/ExamCMS\/mentions-legales\/#breadcrumb\",\"itemListElement\":[{\"@type\":\"ListItem\",\"position\":1,\"name\":\"Accueil\",\"item\":\"https:\/\/www.juliedeschoenmaekers.be\/ExamCMS\/\"},{\"@type\":\"ListItem\",\"position\":2,\"name\":\"Mentions l\u00e9gales\"}]},{\"@type\":\"WebSite\",\"@id\":\"https:\/\/www.juliedeschoenmaekers.be\/ExamCMS\/#website\",\"url\":\"https:\/\/www.juliedeschoenmaekers.be\/ExamCMS\/\",\"name\":\"Inductance\",\"description\":\"\",\"potentialAction\":[{\"@type\":\"SearchAction\",\"target\":{\"@type\":\"EntryPoint\",\"urlTemplate\":\"https:\/\/www.juliedeschoenmaekers.be\/ExamCMS\/?s={search_term_string}\"},\"query-input\":\"required name=search_term_string\"}],\"inLanguage\":\"fr-FR\"}]}<\/script>\n<!-- \/ Yoast SEO plugin. -->","yoast_head_json":{"title":"Mentions l\u00e9gales - Inductance","description":"Les mentions l\u00e9gales du site Inductance pour tout savoir sur l'\u00e9diteur, l'h\u00e9bergement, la propri\u00e9t\u00e9 intellectuelle et plus encore.","robots":{"index":"index","follow":"follow","max-snippet":"max-snippet:-1","max-image-preview":"max-image-preview:large","max-video-preview":"max-video-preview:-1"},"canonical":"https:\/\/www.juliedeschoenmaekers.be\/ExamCMS\/mentions-legales\/","og_locale":"fr_FR","og_type":"article","og_title":"Mentions l\u00e9gales - Inductance","og_description":"Les mentions l\u00e9gales du site Inductance pour tout savoir sur l'\u00e9diteur, l'h\u00e9bergement, la propri\u00e9t\u00e9 intellectuelle et plus encore.","og_url":"https:\/\/www.juliedeschoenmaekers.be\/ExamCMS\/mentions-legales\/","og_site_name":"Inductance","article_modified_time":"2024-06-11T13:20:49+00:00","twitter_card":"summary_large_image","twitter_misc":{"Dur\u00e9e de lecture estim\u00e9e":"3 minutes"},"schema":{"@context":"https:\/\/schema.org","@graph":[{"@type":"WebPage","@id":"https:\/\/www.juliedeschoenmaekers.be\/ExamCMS\/mentions-legales\/","url":"https:\/\/www.juliedeschoenmaekers.be\/ExamCMS\/mentions-legales\/","name":"Mentions l\u00e9gales - Inductance","isPartOf":{"@id":"https:\/\/www.juliedeschoenmaekers.be\/ExamCMS\/#website"},"datePublished":"2024-06-05T09:42:06+00:00","dateModified":"2024-06-11T13:20:49+00:00","description":"Les mentions l\u00e9gales du site Inductance pour tout savoir sur l'\u00e9diteur, l'h\u00e9bergement, la propri\u00e9t\u00e9 intellectuelle et plus encore.","breadcrumb":{"@id":"https:\/\/www.juliedeschoenmaekers.be\/ExamCMS\/mentions-legales\/#breadcrumb"},"inLanguage":"fr-FR","potentialAction":[{"@type":"ReadAction","target":["https:\/\/www.juliedeschoenmaekers.be\/ExamCMS\/mentions-legales\/"]}]},{"@type":"BreadcrumbList","@id":"https:\/\/www.juliedeschoenmaekers.be\/ExamCMS\/mentions-legales\/#breadcrumb","itemListElement":[{"@type":"ListItem","position":1,"name":"Accueil","item":"https:\/\/www.juliedeschoenmaekers.be\/ExamCMS\/"},{"@type":"ListItem","position":2,"name":"Mentions l\u00e9gales"}]},{"@type":"WebSite","@id":"https:\/\/www.juliedeschoenmaekers.be\/ExamCMS\/#website","url":"https:\/\/www.juliedeschoenmaekers.be\/ExamCMS\/","name":"Inductance","description":"","potentialAction":[{"@type":"SearchAction","target":{"@type":"EntryPoint","urlTemplate":"https:\/\/www.juliedeschoenmaekers.be\/ExamCMS\/?s={search_term_string}"},"query-input":"required name=search_term_string"}],"inLanguage":"fr-FR"}]}},"_links":{"self":[{"href":"https:\/\/www.juliedeschoenmaekers.be\/ExamCMS\/wp-json\/wp\/v2\/pages\/347","targetHints":{"allow":["GET"]}}],"collection":[{"href":"https:\/\/www.juliedeschoenmaekers.be\/ExamCMS\/wp-json\/wp\/v2\/pages"}],"about":[{"href":"https:\/\/www.juliedeschoenmaekers.be\/ExamCMS\/wp-json\/wp\/v2\/types\/page"}],"author":[{"embeddable":true,"href":"https:\/\/www.juliedeschoenmaekers.be\/ExamCMS\/wp-json\/wp\/v2\/users\/1"}],"replies":[{"embeddable":true,"href":"https:\/\/www.juliedeschoenmaekers.be\/ExamCMS\/wp-json\/wp\/v2\/comments?post=347"}],"version-history":[{"count":6,"href":"https:\/\/www.juliedeschoenmaekers.be\/ExamCMS\/wp-json\/wp\/v2\/pages\/347\/revisions"}],"predecessor-version":[{"id":353,"href":"https:\/\/www.juliedeschoenmaekers.be\/ExamCMS\/wp-json\/wp\/v2\/pages\/347\/revisions\/353"}],"wp:attachment":[{"href":"https:\/\/www.juliedeschoenmaekers.be\/ExamCMS\/wp-json\/wp\/v2\/media?parent=347"}],"curies":[{"name":"wp","href":"https:\/\/api.w.org\/{rel}","templated":true}]}}