{"id":42,"date":"2024-05-29T10:29:02","date_gmt":"2024-05-29T08:29:02","guid":{"rendered":"https:\/\/www.juliedeschoenmaekers.be\/ExamCMS\/?page_id=42"},"modified":"2024-06-11T15:16:49","modified_gmt":"2024-06-11T13:16:49","slug":"contact","status":"publish","type":"page","link":"https:\/\/www.juliedeschoenmaekers.be\/ExamCMS\/contact\/","title":{"rendered":"Contact"},"content":{"rendered":"\t\t<div data-elementor-type=\"wp-page\" data-elementor-id=\"42\" class=\"elementor elementor-42\">\n\t\t\t\t<div class=\"elementor-element elementor-element-1400a05 e-flex e-con-boxed e-con e-parent\" data-id=\"1400a05\" data-element_type=\"container\">\n\t\t\t\t\t<div class=\"e-con-inner\">\n\t\t\t\t<div class=\"elementor-element elementor-element-90c4756 elementor-widget elementor-widget-heading\" data-id=\"90c4756\" data-element_type=\"widget\" data-widget_type=\"heading.default\">\n\t\t\t\t<div class=\"elementor-widget-container\">\n\t\t\t<style>\/*! elementor - v3.21.0 - 26-05-2024 *\/\n.elementor-heading-title{padding:0;margin:0;line-height:1}.elementor-widget-heading .elementor-heading-title[class*=elementor-size-]>a{color:inherit;font-size:inherit;line-height:inherit}.elementor-widget-heading .elementor-heading-title.elementor-size-small{font-size:15px}.elementor-widget-heading .elementor-heading-title.elementor-size-medium{font-size:19px}.elementor-widget-heading .elementor-heading-title.elementor-size-large{font-size:29px}.elementor-widget-heading .elementor-heading-title.elementor-size-xl{font-size:39px}.elementor-widget-heading .elementor-heading-title.elementor-size-xxl{font-size:59px}<\/style><h2 class=\"elementor-heading-title elementor-size-default\">Contact<\/h2>\t\t<\/div>\n\t\t\t\t<\/div>\n\t\t\t\t\t<\/div>\n\t\t\t\t<\/div>\n\t\t<div class=\"elementor-element elementor-element-a8b31c6 e-flex e-con-boxed e-con e-parent\" data-id=\"a8b31c6\" data-element_type=\"container\">\n\t\t\t\t\t<div class=\"e-con-inner\">\n\t\t\t\t<div class=\"elementor-element elementor-element-a369677 elementor-widget elementor-widget-text-editor\" data-id=\"a369677\" data-element_type=\"widget\" data-widget_type=\"text-editor.default\">\n\t\t\t\t<div class=\"elementor-widget-container\">\n\t\t\t<style>\/*! elementor - v3.21.0 - 26-05-2024 *\/\n.elementor-widget-text-editor.elementor-drop-cap-view-stacked .elementor-drop-cap{background-color:#69727d;color:#fff}.elementor-widget-text-editor.elementor-drop-cap-view-framed .elementor-drop-cap{color:#69727d;border:3px solid;background-color:transparent}.elementor-widget-text-editor:not(.elementor-drop-cap-view-default) .elementor-drop-cap{margin-top:8px}.elementor-widget-text-editor:not(.elementor-drop-cap-view-default) .elementor-drop-cap-letter{width:1em;height:1em}.elementor-widget-text-editor .elementor-drop-cap{float:left;text-align:center;line-height:1;font-size:50px}.elementor-widget-text-editor .elementor-drop-cap-letter{display:inline-block}<\/style>\t\t\t\t<p>Julien Bosly<\/p>\n<p>Email : info@inductance.be<\/p>\n<p>T\u00e9l\u00e9phone : 0474\/19 65 55<\/p>\t\t\t\t\t\t<\/div>\n\t\t\t\t<\/div>\n\t\t\t\t<div class=\"elementor-element elementor-element-24d5684 elementor-widget elementor-widget-heading\" data-id=\"24d5684\" data-element_type=\"widget\" data-widget_type=\"heading.default\">\n\t\t\t\t<div class=\"elementor-widget-container\">\n\t\t\t<h4 class=\"elementor-heading-title elementor-size-default\">Formulaire de contact<\/h4>\t\t<\/div>\n\t\t\t\t<\/div>\n\t\t\t\t\t<\/div>\n\t\t\t\t<\/div>\n\t\t<div class=\"elementor-element elementor-element-8b57ffa e-flex e-con-boxed e-con e-parent\" data-id=\"8b57ffa\" data-element_type=\"container\">\n\t\t\t\t\t<div class=\"e-con-inner\">\n\t\t\t\t<div class=\"elementor-element elementor-element-23227a1 elementor-widget elementor-widget-wpforms\" data-id=\"23227a1\" data-element_type=\"widget\" data-widget_type=\"wpforms.default\">\n\t\t\t\t<div class=\"elementor-widget-container\">\n\t\t\t<style id=\"wpforms-css-vars-root\">\n\t\t\t\t:root {\n\t\t\t\t\t--wpforms-field-border-radius: 3px;\n--wpforms-field-border-style: solid;\n--wpforms-field-border-size: 1px;\n--wpforms-field-background-color: #ffffff;\n--wpforms-field-border-color: rgba( 0, 0, 0, 0.25 );\n--wpforms-field-border-color-spare: rgba( 0, 0, 0, 0.25 );\n--wpforms-field-text-color: rgba( 0, 0, 0, 0.7 );\n--wpforms-field-menu-color: #ffffff;\n--wpforms-label-color: rgba( 0, 0, 0, 0.85 );\n--wpforms-label-sublabel-color: rgba( 0, 0, 0, 0.55 );\n--wpforms-label-error-color: #d63637;\n--wpforms-button-border-radius: 3px;\n--wpforms-button-border-style: none;\n--wpforms-button-border-size: 1px;\n--wpforms-button-background-color: #066aab;\n--wpforms-button-border-color: #066aab;\n--wpforms-button-text-color: #ffffff;\n--wpforms-page-break-color: #066aab;\n--wpforms-background-image: none;\n--wpforms-background-position: center center;\n--wpforms-background-repeat: no-repeat;\n--wpforms-background-size: cover;\n--wpforms-background-width: 100px;\n--wpforms-background-height: 100px;\n--wpforms-background-color: rgba( 0, 0, 0, 0 );\n--wpforms-background-url: none;\n--wpforms-container-padding: 0px;\n--wpforms-container-border-style: none;\n--wpforms-container-border-width: 1px;\n--wpforms-container-border-color: #000000;\n--wpforms-container-border-radius: 3px;\n--wpforms-field-size-input-height: 43px;\n--wpforms-field-size-input-spacing: 15px;\n--wpforms-field-size-font-size: 16px;\n--wpforms-field-size-line-height: 19px;\n--wpforms-field-size-padding-h: 14px;\n--wpforms-field-size-checkbox-size: 16px;\n--wpforms-field-size-sublabel-spacing: 5px;\n--wpforms-field-size-icon-size: 1;\n--wpforms-label-size-font-size: 16px;\n--wpforms-label-size-line-height: 19px;\n--wpforms-label-size-sublabel-font-size: 14px;\n--wpforms-label-size-sublabel-line-height: 17px;\n--wpforms-button-size-font-size: 17px;\n--wpforms-button-size-height: 41px;\n--wpforms-button-size-padding-h: 15px;\n--wpforms-button-size-margin-top: 10px;\n--wpforms-container-shadow-size-box-shadow: none;\n\n\t\t\t\t}\n\t\t\t<\/style><style id=\"wpforms-css-vars-elementor-widget-23227a1\">\n\t\t\t\t.elementor-widget-wpforms.elementor-element-23227a1 {\n\t\t\t\t\t--wpforms-field-size-input-height: 43px;\n--wpforms-field-size-input-spacing: 15px;\n--wpforms-field-size-font-size: 16px;\n--wpforms-field-size-line-height: 19px;\n--wpforms-field-size-padding-h: 14px;\n--wpforms-field-size-checkbox-size: 16px;\n--wpforms-field-size-sublabel-spacing: 5px;\n--wpforms-field-size-icon-size: 1;\n--wpforms-label-size-font-size: 16px;\n--wpforms-label-size-line-height: 19px;\n--wpforms-label-size-sublabel-font-size: 14px;\n--wpforms-label-size-sublabel-line-height: 17px;\n--wpforms-button-size-font-size: 17px;\n--wpforms-button-size-height: 41px;\n--wpforms-button-size-padding-h: 15px;\n--wpforms-button-size-margin-top: 10px;\n\n\t\t\t\t}\n\t\t\t<\/style><div class=\"wpforms-container wpforms-container-full wpforms-render-modern\" id=\"wpforms-48\"><form id=\"wpforms-form-48\" class=\"wpforms-validate wpforms-form wpforms-ajax-form\" data-formid=\"48\" method=\"post\" enctype=\"multipart\/form-data\" action=\"\/ExamCMS\/wp-json\/wp\/v2\/pages\/42\" data-token=\"bd3125cf1790ff75960f3f98db67430d\" data-token-time=\"1775480839\"><noscript class=\"wpforms-error-noscript\">Veuillez activer JavaScript dans votre navigateur pour remplir ce formulaire.<\/noscript><div class=\"wpforms-hidden\" id=\"wpforms-error-noscript\">Veuillez activer JavaScript dans votre navigateur pour remplir ce formulaire.<\/div><div class=\"wpforms-field-container\"><div id=\"wpforms-48-field_0-container\" class=\"wpforms-field wpforms-field-name\" data-field-id=\"0\"><fieldset><legend class=\"wpforms-field-label\">Nom <span class=\"wpforms-required-label\" aria-hidden=\"true\">*<\/span><\/legend><div class=\"wpforms-field-row wpforms-field-medium\"><div class=\"wpforms-field-row-block wpforms-first wpforms-one-half\"><input type=\"text\" id=\"wpforms-48-field_0\" class=\"wpforms-field-name-first wpforms-field-required\" name=\"wpforms[fields][0][first]\" aria-errormessage=\"wpforms-48-field_0-error\" required><label for=\"wpforms-48-field_0\" class=\"wpforms-field-sublabel after \">Pr\u00e9nom<\/label><\/div><div class=\"wpforms-field-row-block wpforms-one-half\"><input type=\"text\" id=\"wpforms-48-field_0-last\" class=\"wpforms-field-name-last wpforms-field-required\" name=\"wpforms[fields][0][last]\" aria-errormessage=\"wpforms-48-field_0-last-error\" required><label for=\"wpforms-48-field_0-last\" class=\"wpforms-field-sublabel after \">Nom<\/label><\/div><\/div><\/fieldset><\/div><div id=\"wpforms-48-field_1-container\" class=\"wpforms-field wpforms-field-email\" data-field-id=\"1\"><label class=\"wpforms-field-label\" for=\"wpforms-48-field_1\">E-mail <span class=\"wpforms-required-label\" aria-hidden=\"true\">*<\/span><\/label><input type=\"email\" id=\"wpforms-48-field_1\" class=\"wpforms-field-medium wpforms-field-required\" name=\"wpforms[fields][1]\" spellcheck=\"false\" aria-errormessage=\"wpforms-48-field_1-error\" required><\/div><div id=\"wpforms-48-field_2-container\" class=\"wpforms-field wpforms-field-textarea\" data-field-id=\"2\"><label class=\"wpforms-field-label\" for=\"wpforms-48-field_2\">Commentaire ou message<\/label><textarea id=\"wpforms-48-field_2\" class=\"wpforms-field-medium\" name=\"wpforms[fields][2]\" aria-errormessage=\"wpforms-48-field_2-error\" ><\/textarea><\/div><\/div><!-- .wpforms-field-container --><div class=\"wpforms-submit-container\" ><input type=\"hidden\" name=\"wpforms[id]\" value=\"48\"><input type=\"hidden\" name=\"page_title\" value=\"\"><input type=\"hidden\" name=\"page_url\" value=\"https:\/\/www.juliedeschoenmaekers.be\/ExamCMS\/wp-json\/wp\/v2\/pages\/42\"><button type=\"submit\" name=\"wpforms[submit]\" id=\"wpforms-submit-48\" class=\"wpforms-submit\" data-alt-text=\"Envoi...\" data-submit-text=\"Envoyer\" aria-live=\"assertive\" value=\"wpforms-submit\">Envoyer<\/button><img decoding=\"async\" src=\"https:\/\/www.juliedeschoenmaekers.be\/ExamCMS\/wp-content\/plugins\/wpforms-lite\/assets\/images\/submit-spin.svg\" class=\"wpforms-submit-spinner\" style=\"display: none;\" width=\"26\" height=\"26\" alt=\"Chargement en cours\"><\/div><\/form><\/div>  <!-- .wpforms-container -->\t\t<\/div>\n\t\t\t\t<\/div>\n\t\t\t\t\t<\/div>\n\t\t\t\t<\/div>\n\t\t\t\t<\/div>\n\t\t","protected":false},"excerpt":{"rendered":"<p>Contact Julien Bosly Email : info@inductance.be T\u00e9l\u00e9phone : 0474\/19 65 55 Formulaire de contact Veuillez activer JavaScript dans votre navigateur pour remplir ce formulaire.Veuillez activer JavaScript dans votre navigateur pour remplir ce formulaire. Nom * Pr\u00e9nomNom E-mail *Commentaire ou message Envoyer<\/p>\n","protected":false},"author":1,"featured_media":0,"parent":0,"menu_order":0,"comment_status":"closed","ping_status":"closed","template":"page-templates\/template-pagebuilder-full-width.php","meta":{"neve_meta_sidebar":"","neve_meta_container":"","neve_meta_enable_content_width":"","neve_meta_content_width":0,"neve_meta_title_alignment":"","neve_meta_author_avatar":"","neve_post_elements_order":"","neve_meta_disable_header":"","neve_meta_disable_footer":"","neve_meta_disable_title":"","footnotes":""},"class_list":["post-42","page","type-page","status-publish","hentry"],"yoast_head":"<!-- This site is optimized with the Yoast SEO plugin v22.8 - https:\/\/yoast.com\/wordpress\/plugins\/seo\/ -->\n<title>Contact - Inductance<\/title>\n<meta name=\"description\" content=\"Obtenez des conseils personnalis\u00e9s et des solutions pour am\u00e9liorer l&#039;efficacit\u00e9 \u00e9nerg\u00e9tique de vos b\u00e2timents.\" \/>\n<meta name=\"robots\" content=\"index, follow, max-snippet:-1, max-image-preview:large, max-video-preview:-1\" \/>\n<link rel=\"canonical\" href=\"https:\/\/www.juliedeschoenmaekers.be\/ExamCMS\/contact\/\" \/>\n<meta property=\"og:locale\" content=\"fr_FR\" \/>\n<meta property=\"og:type\" content=\"article\" \/>\n<meta property=\"og:title\" content=\"Contact - Inductance\" \/>\n<meta property=\"og:description\" content=\"Obtenez des conseils personnalis\u00e9s et des solutions pour am\u00e9liorer l&#039;efficacit\u00e9 \u00e9nerg\u00e9tique de vos b\u00e2timents.\" \/>\n<meta property=\"og:url\" content=\"https:\/\/www.juliedeschoenmaekers.be\/ExamCMS\/contact\/\" \/>\n<meta property=\"og:site_name\" content=\"Inductance\" \/>\n<meta property=\"article:modified_time\" content=\"2024-06-11T13:16:49+00:00\" \/>\n<meta property=\"og:image\" content=\"https:\/\/www.juliedeschoenmaekers.be\/ExamCMS\/wp-content\/plugins\/wpforms-lite\/assets\/images\/submit-spin.svg\" \/>\n<meta name=\"twitter:card\" content=\"summary_large_image\" \/>\n<meta name=\"twitter:label1\" content=\"Dur\u00e9e de lecture estim\u00e9e\" \/>\n\t<meta name=\"twitter:data1\" content=\"1 minute\" \/>\n<script type=\"application\/ld+json\" class=\"yoast-schema-graph\">{\"@context\":\"https:\/\/schema.org\",\"@graph\":[{\"@type\":[\"WebPage\",\"ContactPage\"],\"@id\":\"https:\/\/www.juliedeschoenmaekers.be\/ExamCMS\/contact\/\",\"url\":\"https:\/\/www.juliedeschoenmaekers.be\/ExamCMS\/contact\/\",\"name\":\"Contact - Inductance\",\"isPartOf\":{\"@id\":\"https:\/\/www.juliedeschoenmaekers.be\/ExamCMS\/#website\"},\"primaryImageOfPage\":{\"@id\":\"https:\/\/www.juliedeschoenmaekers.be\/ExamCMS\/contact\/#primaryimage\"},\"image\":{\"@id\":\"https:\/\/www.juliedeschoenmaekers.be\/ExamCMS\/contact\/#primaryimage\"},\"thumbnailUrl\":\"https:\/\/www.juliedeschoenmaekers.be\/ExamCMS\/wp-content\/plugins\/wpforms-lite\/assets\/images\/submit-spin.svg\",\"datePublished\":\"2024-05-29T08:29:02+00:00\",\"dateModified\":\"2024-06-11T13:16:49+00:00\",\"description\":\"Obtenez des conseils personnalis\u00e9s et des solutions pour am\u00e9liorer l'efficacit\u00e9 \u00e9nerg\u00e9tique de vos b\u00e2timents.\",\"breadcrumb\":{\"@id\":\"https:\/\/www.juliedeschoenmaekers.be\/ExamCMS\/contact\/#breadcrumb\"},\"inLanguage\":\"fr-FR\",\"potentialAction\":[{\"@type\":\"ReadAction\",\"target\":[\"https:\/\/www.juliedeschoenmaekers.be\/ExamCMS\/contact\/\"]}]},{\"@type\":\"ImageObject\",\"inLanguage\":\"fr-FR\",\"@id\":\"https:\/\/www.juliedeschoenmaekers.be\/ExamCMS\/contact\/#primaryimage\",\"url\":\"https:\/\/www.juliedeschoenmaekers.be\/ExamCMS\/wp-content\/plugins\/wpforms-lite\/assets\/images\/submit-spin.svg\",\"contentUrl\":\"https:\/\/www.juliedeschoenmaekers.be\/ExamCMS\/wp-content\/plugins\/wpforms-lite\/assets\/images\/submit-spin.svg\"},{\"@type\":\"BreadcrumbList\",\"@id\":\"https:\/\/www.juliedeschoenmaekers.be\/ExamCMS\/contact\/#breadcrumb\",\"itemListElement\":[{\"@type\":\"ListItem\",\"position\":1,\"name\":\"Accueil\",\"item\":\"https:\/\/www.juliedeschoenmaekers.be\/ExamCMS\/\"},{\"@type\":\"ListItem\",\"position\":2,\"name\":\"Contact\"}]},{\"@type\":\"WebSite\",\"@id\":\"https:\/\/www.juliedeschoenmaekers.be\/ExamCMS\/#website\",\"url\":\"https:\/\/www.juliedeschoenmaekers.be\/ExamCMS\/\",\"name\":\"Inductance\",\"description\":\"\",\"potentialAction\":[{\"@type\":\"SearchAction\",\"target\":{\"@type\":\"EntryPoint\",\"urlTemplate\":\"https:\/\/www.juliedeschoenmaekers.be\/ExamCMS\/?s={search_term_string}\"},\"query-input\":\"required name=search_term_string\"}],\"inLanguage\":\"fr-FR\"}]}<\/script>\n<!-- \/ Yoast SEO plugin. -->","yoast_head_json":{"title":"Contact - Inductance","description":"Obtenez des conseils personnalis\u00e9s et des solutions pour am\u00e9liorer l'efficacit\u00e9 \u00e9nerg\u00e9tique de vos b\u00e2timents.","robots":{"index":"index","follow":"follow","max-snippet":"max-snippet:-1","max-image-preview":"max-image-preview:large","max-video-preview":"max-video-preview:-1"},"canonical":"https:\/\/www.juliedeschoenmaekers.be\/ExamCMS\/contact\/","og_locale":"fr_FR","og_type":"article","og_title":"Contact - Inductance","og_description":"Obtenez des conseils personnalis\u00e9s et des solutions pour am\u00e9liorer l'efficacit\u00e9 \u00e9nerg\u00e9tique de vos b\u00e2timents.","og_url":"https:\/\/www.juliedeschoenmaekers.be\/ExamCMS\/contact\/","og_site_name":"Inductance","article_modified_time":"2024-06-11T13:16:49+00:00","og_image":[{"url":"https:\/\/www.juliedeschoenmaekers.be\/ExamCMS\/wp-content\/plugins\/wpforms-lite\/assets\/images\/submit-spin.svg"}],"twitter_card":"summary_large_image","twitter_misc":{"Dur\u00e9e de lecture estim\u00e9e":"1 minute"},"schema":{"@context":"https:\/\/schema.org","@graph":[{"@type":["WebPage","ContactPage"],"@id":"https:\/\/www.juliedeschoenmaekers.be\/ExamCMS\/contact\/","url":"https:\/\/www.juliedeschoenmaekers.be\/ExamCMS\/contact\/","name":"Contact - Inductance","isPartOf":{"@id":"https:\/\/www.juliedeschoenmaekers.be\/ExamCMS\/#website"},"primaryImageOfPage":{"@id":"https:\/\/www.juliedeschoenmaekers.be\/ExamCMS\/contact\/#primaryimage"},"image":{"@id":"https:\/\/www.juliedeschoenmaekers.be\/ExamCMS\/contact\/#primaryimage"},"thumbnailUrl":"https:\/\/www.juliedeschoenmaekers.be\/ExamCMS\/wp-content\/plugins\/wpforms-lite\/assets\/images\/submit-spin.svg","datePublished":"2024-05-29T08:29:02+00:00","dateModified":"2024-06-11T13:16:49+00:00","description":"Obtenez des conseils personnalis\u00e9s et des solutions pour am\u00e9liorer l'efficacit\u00e9 \u00e9nerg\u00e9tique de vos b\u00e2timents.","breadcrumb":{"@id":"https:\/\/www.juliedeschoenmaekers.be\/ExamCMS\/contact\/#breadcrumb"},"inLanguage":"fr-FR","potentialAction":[{"@type":"ReadAction","target":["https:\/\/www.juliedeschoenmaekers.be\/ExamCMS\/contact\/"]}]},{"@type":"ImageObject","inLanguage":"fr-FR","@id":"https:\/\/www.juliedeschoenmaekers.be\/ExamCMS\/contact\/#primaryimage","url":"https:\/\/www.juliedeschoenmaekers.be\/ExamCMS\/wp-content\/plugins\/wpforms-lite\/assets\/images\/submit-spin.svg","contentUrl":"https:\/\/www.juliedeschoenmaekers.be\/ExamCMS\/wp-content\/plugins\/wpforms-lite\/assets\/images\/submit-spin.svg"},{"@type":"BreadcrumbList","@id":"https:\/\/www.juliedeschoenmaekers.be\/ExamCMS\/contact\/#breadcrumb","itemListElement":[{"@type":"ListItem","position":1,"name":"Accueil","item":"https:\/\/www.juliedeschoenmaekers.be\/ExamCMS\/"},{"@type":"ListItem","position":2,"name":"Contact"}]},{"@type":"WebSite","@id":"https:\/\/www.juliedeschoenmaekers.be\/ExamCMS\/#website","url":"https:\/\/www.juliedeschoenmaekers.be\/ExamCMS\/","name":"Inductance","description":"","potentialAction":[{"@type":"SearchAction","target":{"@type":"EntryPoint","urlTemplate":"https:\/\/www.juliedeschoenmaekers.be\/ExamCMS\/?s={search_term_string}"},"query-input":"required name=search_term_string"}],"inLanguage":"fr-FR"}]}},"_links":{"self":[{"href":"https:\/\/www.juliedeschoenmaekers.be\/ExamCMS\/wp-json\/wp\/v2\/pages\/42","targetHints":{"allow":["GET"]}}],"collection":[{"href":"https:\/\/www.juliedeschoenmaekers.be\/ExamCMS\/wp-json\/wp\/v2\/pages"}],"about":[{"href":"https:\/\/www.juliedeschoenmaekers.be\/ExamCMS\/wp-json\/wp\/v2\/types\/page"}],"author":[{"embeddable":true,"href":"https:\/\/www.juliedeschoenmaekers.be\/ExamCMS\/wp-json\/wp\/v2\/users\/1"}],"replies":[{"embeddable":true,"href":"https:\/\/www.juliedeschoenmaekers.be\/ExamCMS\/wp-json\/wp\/v2\/comments?post=42"}],"version-history":[{"count":18,"href":"https:\/\/www.juliedeschoenmaekers.be\/ExamCMS\/wp-json\/wp\/v2\/pages\/42\/revisions"}],"predecessor-version":[{"id":443,"href":"https:\/\/www.juliedeschoenmaekers.be\/ExamCMS\/wp-json\/wp\/v2\/pages\/42\/revisions\/443"}],"wp:attachment":[{"href":"https:\/\/www.juliedeschoenmaekers.be\/ExamCMS\/wp-json\/wp\/v2\/media?parent=42"}],"curies":[{"name":"wp","href":"https:\/\/api.w.org\/{rel}","templated":true}]}}